{"id":1073,"date":"2016-09-29T21:06:21","date_gmt":"2016-09-30T00:06:21","guid":{"rendered":"http:\/\/realptl.portugueslivre.org\/realptl\/?page_id=1073"},"modified":"2024-07-09T09:20:18","modified_gmt":"2024-07-09T12:20:18","slug":"historico","status":"publish","type":"page","link":"http:\/\/realptl.letras.ufmg.br\/realptl\/historico","title":{"rendered":"Hist\u00f3rico"},"content":{"rendered":"<p>Apresentamos aqui um hist\u00f3rico de eventos e publica\u00e7\u00f5es relativos ao projeto REALPTL, cuja proposta pode ser conferida <a href=\"http:\/\/realptl.portugueslivre.org\/realptl\/sobre\">aqui<\/a>.<\/p>\n<p><strong>Oficinas<\/strong>:<br \/>\nCurso de extens\u00e3o a professores da rede p\u00fablica de Uberaba, de 20\/09\/2016 a 25\/10\/2016. <a href=\"http:\/\/www.jornaldeuberaba.com.br\/cadernos\/cidade\/31772\/casa-do-educador-e-uftm-promovem-curso-voltado-a-professores-de-lingua-portuguesa\" target=\"_blank\" rel=\"noopener noreferrer\">Not\u00edcia<\/a>.<\/p>\n<p>Oficina &#8220;Constru\u00e7\u00e3o de recursos educacionais abertos para multiletramentos&#8221;, ofertada no \u00e2mbito do Congresso Inova\u00e7\u00e3o e Metodologias no Ensino Superior, organizado pelo grupo GIZ\/FAE\/UFMG, em setembro de 2018. O curso teve dura\u00e7\u00e3o de 15h, em torno de 50 inscritos e 9 concluintes.<\/p>\n<p>Minicurso RECURSOS EDUCACIONAIS ABERTOS PARA O ENSINO DE L\u00cdNGUAS VI Semin\u00e1rio de Pesquisa do PROFLETRAS e Semana dos Cursos de Letras da Universidade Federal do Tri\u00e2ngulo Mineiro (UFTM), Uberaba-MG, em 28 de setembro a 1o de outubro de 2021. Carga hor\u00e1ria do minicurso: 20 (vinte) horas. (Local: Google Meet).<\/p>\n<p><strong>Eventos<\/strong>:<\/p>\n<p class=\"gb-headline gb-headline-b5e4e253 gb-headline-text\">CIET:Horizonte | 2024 (Congresso Internacional de Educa\u00e7\u00e3o e Tecnologias e de Educa\u00e7\u00e3o a Dist\u00e2ncia): Aprendizagem cr\u00edtica e criativa na cultura digital. Apresenta\u00e7\u00e3o virtual do trabalho: SILVA, Elaine Teixeira da; PEREIRA, Daniervelin Renata Marques. <em>Design<\/em>-REA Multimodais: uma an\u00e1lise de Recursos Educacionais Abertos do REALPTL. (09\/07\/2024). <a href=\"_wp_link_placeholder\" data-wplink-edit=\"true\">https:\/\/drive.google.com\/file\/d\/1f6Ot3lDlYtgCk2Eylb_Hde4eRTxBt-RI\/view <\/a><\/p>\n<p><strong>Quinto Encuentro en L\u00ednea CHAT<\/strong>.\u00a0 SILVA, Elaine Teixeira da; PEREIRA, Daniervelin Renata Marques. El ambiente digital REALPTL para la promoci\u00f3n de la educaci\u00f3n abierta. 01 de agosto de 2023. Resumo: <a href=\"https:\/\/chat.iztacala.unam.mx\/elchat\/node\/36\">https:\/\/chat.iztacala.unam.mx\/elchat\/node\/36<\/a>. Apresenta\u00e7\u00e3o: https:\/\/www.youtube.com\/watch?v=ZW_odRviG4Y ( a partir de 2:10:10).<\/p>\n<p>Apresenta\u00e7\u00e3o sobre Recursos Educacionais Abertos no evento Integra\u00e7\u00e3o Docente da UFMG (11\/08\/2021):<\/p>\n<p>Not\u00edcia sobre o evento no Boletim da UFMG: <a href=\"https:\/\/www.youtube.com\/watch?v=9ASetmxGq2s\">https:\/\/www.youtube.com\/watch?v=9ASetmxGq2s<\/a><\/p>\n<p><a href=\"https:\/\/ufmg.br\/comunicacao\/noticias\/tecnologias-auxiliam-na-inclusao-e-no-ensino-hibrido-defendem-professores-em-forum\"> https:\/\/ufmg.br\/comunicacao\/noticias\/tecnologias-auxiliam-na-inclusao-e-no-ensino-hibrido-defendem-professores-em-forum<\/a><\/p>\n<p>SILVA, Elaine Teixeira da. Producci\u00f3n de recursos educativos para la ense\u00f1anza de espa\u00f1ol. <strong>XV Encuentro de Profesionales de Espa\u00f1ol de MG<\/strong>: desaf\u00edos, estrategias y avances en contextos remotos. Simp\u00f3sio online, Ago. de 2021. Dispon\u00edvel em: <a href=\"https:\/\/youtu.be\/oAIWpMxQqKo\">https:\/\/youtu.be\/oAIWpMxQqKo<\/a> . Acesso a partir de 19:00 min.<\/p>\n<p>SILVA, Elaine Teixeira da. Tecnologias digitais e ensino: o papel dos Recursos Educacionais Abertos na pr\u00e1tica docente. <strong>Conbraletras<\/strong>, Maio de 2021.\u00a0 Palestra em Congresso online. <a href=\"https:\/\/eventos.congresse.me\/conbraletras#schedule\">https:\/\/eventos.congresse.me\/conbraletras#schedule<\/a><\/p>\n<p><span style=\"font-family: Arial, Helvetica, sans-serif;\">SILVA, Elaine Teixeira da. <\/span>Recursos educacionais abertos: resultados de metodologias ativas.\u00a0 <strong>UEaDSL 2020.2. <\/strong>Novembro de 2020. Congresso online. <a href=\"https:\/\/eventos.textolivre.org\/moodle\/mod\/forum\/discuss.php?d=1229\">https:\/\/eventos.textolivre.org\/moodle\/mod\/forum\/discuss.php?d=1229<\/a>.<\/p>\n<p align=\"justify\"><span style=\"font-family: Arial, Helvetica, sans-serif; font-size: 12pt;\"><span style=\"font-size: 12pt;\"><span style=\"font-family: Arial, Helvetica, sans-serif;\"><span style=\"color: #111111;\">SILVA, <\/span><span style=\"color: #111111;\">Elaine Teixeira da;\u00a0<\/span><\/span><\/span>PEREIRA, Daniervelin Renata Marques; .\u00a0<\/span>Recursos educacionais abertos no ensino-aprendizagem de l\u00ednguas: o ambiente REALPTL como suporte did\u00e1tico.\u00a0<strong>23o Semin\u00e1rio Internacional de Educa\u00e7\u00e3o, Tecnologia e Sociedade Metodologias ativas<\/strong>.\u00a0Faculdades Integradas de Taquara \u2013 FACCAT. 2018. Evento online.<\/p>\n<p align=\"justify\"><span style=\"font-family: Arial, Helvetica, sans-serif; font-size: 12pt;\">PEREIRA, Daniervelin Renata Marques.\u00a0<\/span>Recursos educacionais abertos para o trabalho com mem\u00f3rias no ensino superior.\u00a0<strong>II Congresso Internacional de Ensino de L\u00edngua Portuguesa<\/strong>.\u00a0 UERJ, Rio de Janeiro. setembro de 2018.<\/p>\n<p><span style=\"font-family: Liberation Serif, serif;\"><span style=\"font-size: medium;\"><span style=\"color: #333333;\"><span style=\"font-family: Arial, Helvetica, sans-serif; font-size: 12pt;\">PEREIRA, Daniervelin Renata Marques;\u00a0Joyce Fettermann.\u00a0Um reposit\u00f3rio de recursos educacionais abertos para multiletramentos.\u00a0<strong>STIS Semin\u00e1rios Te\u00f3ricos Interdisciplinares do Semiotec<\/strong>. Abril de 2018. Evento online.<\/span><\/span><\/span><\/span><\/p>\n<p align=\"justify\"><span style=\"font-family: Arial, Helvetica, sans-serif; font-size: 12pt;\">PEREIRA, Daniervelin Renata Marques; C\u00c9SAR, Danilo Rodrigues; Joyce Fettermann; SILVA, Elaine Teixeira da. Recursos Educacionais abertos para Licenciaturas: ambiente REALPTL. <b>III Congresso <\/b><b>d<\/b><b>e Inova\u00e7\u00e3o <\/b><b>e<\/b><b> Metodologias <\/b><b>n<\/b><b>o Ensino Superior I Encontro <\/b><b>d<\/b><b>e Licenciaturas<\/b>. 08, 09, 10 de novembro de 2017. <a href=\"https:\/\/www.ufmg.br\/giz\/congresso\/wp-content\/uploads\/Grupos-de-colabora%C3%A7%C3%A3o-FINAL-23-DE-OUTUBRO.pdf\">https:\/\/www.ufmg.br\/giz\/congresso\/wp-content\/uploads\/Grupos-de-colabora%C3%A7%C3%A3o-FINAL-23-DE-OUTUBRO.pdf<\/a><\/span><\/p>\n<p align=\"justify\"><span style=\"font-size: 12pt;\"><span style=\"font-family: Arial, Helvetica, sans-serif;\"><span style=\"color: #111111;\">PEREIRA, <\/span><span style=\"color: #111111;\">Daniervelin Renata Marques; <\/span><span style=\"color: #111111;\">SILVA, <\/span><span style=\"color: #111111;\">Elaine Teixeira da, <\/span><span style=\"color: #111111;\">FETTERMANN, <\/span><span style=\"color: #111111;\">Joyce; <\/span><span style=\"color: #111111;\">CESAR,<\/span><span style=\"color: #111111;\"> Danilo Rodrigues. <\/span><span style=\"color: #111111;\">Recursos Educacionais Abertos para aprendizagem de l\u00ednguas no ensino superior<\/span><span style=\"color: #111111;\">. <\/span><span style=\"color: #111111;\"><b>Encuentro en L\u00ednea de Educaci\u00f3n, Cultura y Software Libres<\/b><\/span><span style=\"color: #111111;\">, <\/span><span style=\"color: #111111;\">Ciudad de M\u00e9xico, 2017. Dispon\u00edvel em: &lt;<a href=\"http:\/\/edusol.info\/encuentro\/index.php\/e\/2017\/paper\/view\/7\">http:\/\/edusol.info\/encuentro\/index.php\/e\/2017\/paper\/view\/7<\/a>&gt;. Acesso em: 29 out. 2017.<\/span><\/span><\/span><\/p>\n<p align=\"justify\"><span style=\"font-family: Arial, Helvetica, sans-serif; font-size: 12pt;\"><span style=\"color: #000000;\">SILVA, Elaine Teixeira da; PEREIRA, Daniervelin Renata Marques; BEZERRA, Fab\u00edola Aparecida da Silva. <\/span><span style=\"color: #000000;\">O<\/span><span style=\"color: #000000;\"> ambiente REALPTL como suporte para os multiletramentos e letramento acad\u00eamico de licenciandos em espanhol. <\/span><span style=\"color: #000000;\"><b>22\u00ba Semin\u00e1rio de Educa\u00e7\u00e3o, Tecnologia e Sociedade<\/b><\/span><span style=\"color: #000000;\">, Faculdades Integradas de Taquara, Taquara, RS, <\/span><span style=\"color: #000000;\">2017. <a href=\"http:\/\/ead.faccat.br\/seminario\/\">http:\/\/ead.faccat.br\/seminario\/<\/a> <\/span><\/span><\/p>\n<p align=\"justify\">IV Simp\u00f3sio Internacional sobre An\u00e1lise do Discurso: Discursos e Desigualdades Sociais, de 14 a 17 de setembro de 2016, na UFMG. Comunica\u00e7\u00e3o &#8220;Recursos Educacionais Abertos para o ensino superior: um panorama a partir da an\u00e1lise semi\u00f3tica do discurso&#8221;, por Daniervelin Pereira. <a href=\"https:\/\/simposioad.wordpress.com\/\" target=\"_blank\" rel=\"noopener noreferrer\">https:\/\/simposioad.wordpress.com\/<\/a><\/p>\n<p>IV Congresso Internacional TIC e Educa\u00e7\u00e3o&#8221; (ticEDUCA) de 08 a 10 de setembro de 2016. Comunica\u00e7\u00e3o oral &#8220;Pesquisa e desenvolvimento de recursos educacionais abertos: projeto REALPTL&#8221;, por Daniervelin Pereira, Joyce Fettermann e Danilo C\u00e9sar. <a href=\"http:\/\/ticeduca2016.ie.ulisboa.pt\/\" target=\"_blank\" rel=\"noopener noreferrer\">http:\/\/ticeduca2016.ie.ulisboa.pt\/<\/a><\/p>\n<p>JORNADA NACIONAL DE LINGU\u00cdSTICA E FILOLOGIA DA L\u00cdNGUA PORTUGUESA do C\u00edrculo Fluminense de Estudos Filol\u00f3gicos e Lingu\u00edsticos, no dia 05\/11\/2015, na UENF. Apresenta\u00e7\u00e3o do trabalho &#8220;Recursos Educacionais Abertos para leitura e produ\u00e7\u00e3o de textos nas licenciaturas: pesquisas do projeto REALPTL&#8221;, por Joyce Fettermann e Daniervelin Pereira.<\/p>\n<p>V SIMP\u00d3SIO MUNDIAL DE ESTUDOS DE L\u00cdNGUA PORTUGUESA &#8211; DE VOLTA AO FUTURO, ocorrido em Lecce, na It\u00e1lia, de 08 a 11 de outubro de 2015. P\u00f4ster &#8220;Recursos Educacionais Abertos: Pr\u00e1ticas de Letramento nas Licenciaturas&#8221;, por Daniervelin Pereira e Danilo C\u00e9sar. <a href=\"http:\/\/simelp.it\/\" target=\"_blank\" rel=\"noopener noreferrer\">http:\/\/simelp.it\/<\/a><\/p>\n<p>V SELL \u2013 Simp\u00f3sio Internacional de Estudos Lingu\u00edsticos e Liter\u00e1rios, na UFTM, Uberaba &#8211; Minas Gerais, de 15 a 16 de maio de 2015. Apresenta\u00e7\u00e3o do trabalho &#8220;Recursos educacionais online e multiletramentos: uma an\u00e1lise cr\u00edtica&#8221;, por Daniervelin Pereira. <a href=\"http:\/\/www.letrasuftm.com.br\/sell\/2015\/\" target=\"_blank\" rel=\"noopener noreferrer\">http:\/\/www.letrasuftm.com.br\/sell\/2015\/<\/a><\/p>\n<p>VI SELL \u2013 Simp\u00f3sio Internacional de Estudos Lingu\u00edsticos e Liter\u00e1rios, na UFTM, Uberaba &#8211; Minas Gerais, de 29 a 31 de maio de 2017. Apresenta\u00e7\u00e3o do trabalho &#8220;Recursos educacionais abertos para letramento acad\u00eamico: algumas propostas e desafios&#8221;, por Daniervelin Pereira; Elaine Teixeira e Joyce Fettermann. <a href=\"http:\/\/www.letrasuftm.com.br\/sell\/2017\/\" target=\"_blank\" rel=\"noopener noreferrer\">http:\/\/www.letrasuftm.com.br\/sell\/2017\/<\/a><\/p>\n<p>XIV Encontro Virtual de Documenta\u00e7\u00e3o em Software Livre e XI Congresso Internacional de Linguagem e Tecnologia online (EVIDOSOL\/CILTEC-online), de 05 a 07 de junho de 2017. Apresenta\u00e7\u00e3o do trabalho: Recursos educacionais abertos para multiletramentos, por Daniervelin Pereira e Danilo C\u00e9sar. <a href=\"http:\/\/evidosol.textolivre.org\/papers\/2017\/pub\/programacao\/123\" target=\"_blank\" rel=\"noopener noreferrer\">http:\/\/evidosol.textolivre.org\/papers\/2017\/pub\/programacao\/123<\/a><\/p>\n<p><strong>Publica\u00e7\u00f5es<\/strong>:<\/p>\n<p>PEDRO, Brenda Michelle Buhr; SILVA, Elaine Teixeira. Remedia\u00e7\u00e3o. In.: GOMES JUNIOR, Ronaldo Corr\u00eaa (Org.) <strong>keywords<\/strong>: termos e conceitos de linguagem e tecnologia na lingu\u00edstica aplicada. Belo Horizonte: FALE\/UFMG, 2021, pp. 18-21. Dispon\u00edvel em: <a href=\"http:\/\/keywords.tilda.ws\/remediacao\">http:\/\/keywords.tilda.ws\/remediacao<\/a><\/p>\n<p>TEIXEIRA DA SILVA, Elaine. <span id=\"page3247R_mcid0\" class=\"markedContent\"><span dir=\"ltr\" role=\"presentation\">Metodolog\u00edas activas para una ense\u00f1anza en la era digital<\/span><\/span>. En: Miranda D\u00edaz Germ\u00e1n Alejandro,Delgado Celis Zaira Yael (2020) <strong>Actas del Segundo Encuentro En L\u00ednea CHAT<\/strong>.\u00a0 Tlalnepantla: Educaci\u00f3n y Cultura Libre. Recuperado de: <a href=\"https:\/\/chat.iztacala.unam.mx\/elchat\/libro\/Actas2ELCHAT\">https:\/\/chat.iztacala.unam.mx\/elchat\/libro\/Actas2ELCHAT<\/a><\/p>\n<p>TEIXEIRA DA SILVA, Elaine. Multialfabetizaciones en la ense\u00f1anza de lengua espa\u00f1ola en Brasil. En:<em>\u00a0<\/em>Miranda D\u00edaz Germ\u00e1n Alejandro(Coordinador),Delgado Celis Zaira Yael(Coordinador),Meza Cano Jos\u00e9 Manuel(Coordinador).\u00a0<strong>Actas del Primer Encuentro En Linea CHAT: Educaci\u00f3n Mediada por Tecnolog\u00eda.<\/strong>(pp. 22-26).<em>\u00a0<\/em>\u00a0M\u00e9xico:Educaci\u00f3n y Cultura Libre, 2020. Recuperado de:\u00a0<a href=\"https:\/\/chat.iztacala.unam.mx\/elchat\/libro\/1elchat\/cap4\">https:\/\/chat.iztacala.unam.mx\/elchat\/libro\/1elchat\/cap4<\/a><\/p>\n<p>SILVA, Elaine Teixeira da.\u00a0Producci\u00f3n de recursos educativos abiertos como resultado de pr\u00e1cticas educativas. <strong>9\u00ba EDUSOL<\/strong>, 2019.<a href=\"https:\/\/edusol.info\/e9\/dia1\/rea-practicas-educativas\">\u00a0https:\/\/edusol.info\/e9\/dia1\/rea-practicas-educativas<\/a><\/p>\n<p><span style=\"font-family: Arial, Helvetica, sans-serif;\">SILVA, Elaine Teixeira da. <\/span>Recursos educacionais abertos: resultados de metodologias ativas.\u00a0 <strong>Anais do Congresso Nacional Universidade, EAD e Software Livre<\/strong>, v.2, n.11, nov. 2020. ISSN 2317-0220. Dispon\u00edvel em:\u00a0&lt;<a href=\"http:\/\/www.periodicos.letras.ufmg.br\/index.php\/ueadsl\/article\/view\/17615\">http:\/\/www.periodicos.letras.ufmg.br\/index.php\/ueadsl\/article\/view\/17615<\/a>&gt;.\u00a0 Acesso em: nov. 2020.<\/p>\n<p>PEREIRA, D. R. M.\u00a0Oficina de l\u00edngua portuguesa: memorial de leituras no ensino superior. <em>Revista Internacional de Educa\u00e7\u00e3o Superior<\/em>, Campinas. Previs\u00e3o de publica\u00e7\u00e3o: 2019.<\/p>\n<p>TEIXEIRA DA SILVA, Elaine.\u00a0A MULTIMODALIDADE COMO RECURSO PARA O ENSINO DE L\u00cdNGUAS: O G\u00caNERO DIGITAL MEME COMO PR\u00c1TICA PARA OS LETRAMENTOS.\u00a0<strong>Revista Interdisciplinar Educacional<\/strong>,\u00a0 Taquara &#8211; RS, p. 1-2, v. 7, n.2, 2018. Dispon\u00edvel em: &lt;<a href=\"https:\/\/seer.faccat.br\/index.php\/redin\/article\/view\/1145\/726\" target=\"_blank\" rel=\"noopener noreferrer\">https:\/\/seer.faccat.br\/index.php\/redin\/article\/view\/1145\/726<\/a>&gt;.<\/p>\n<p>TEIXEIRA DA SILVA, Elaine;\u00a0\u00a0PEREIRA, Daniervelin Renata Marques.\u00a0RECURSOS EDUCACIONAIS ABERTOS NO ENSINO-APRENDIZAGEM DE L\u00cdNGUAS: O AMBIENTE REALPTL COMO SUPORTE DID\u00c1TICO,\u00a0 <strong>Revista Interdisciplinar Educacional<\/strong>,\u00a0 Taquara &#8211; RS, p. 1-10, v. 7, n.1, 2018. Dispon\u00edvel em: &lt;<a href=\"https:\/\/seer.faccat.br\/index.php\/redin\/article\/view\/1086\/668\" target=\"_blank\" rel=\"noopener noreferrer\">https:\/\/seer.faccat.br\/index.php\/redin\/article\/view\/1086\/668<\/a>&gt;.<\/p>\n<p>TEIXEIRA DA SILVA, Elaine. MULTIMODALIDADE E MULTILETRAMENTO NA FORMA\u00c7\u00c3O DE PROFESSORES DE ESPANHOL.\u00a0<strong>CIET:EnPED<\/strong>, [S.l.], maio 2018. ISSN 2316-8722. Dispon\u00edvel em: &lt;<a href=\"http:\/\/cietenped.ufscar.br\/submissao\/index.php\/2018\/article\/view\/14\" target=\"_new\" rel=\"noopener noreferrer\">http:\/\/cietenped.ufscar.br\/submissao\/index.php\/2018\/article\/view\/14<\/a>&gt;. Acesso em: 18 jun. 2018.<\/p>\n<p>TEIXEIRA, E. ;\u00a0PEREIRA, Daniervelin Renata Marques; BEZERRA, F. A. S. . O ambiente REALPTL como suporte para os multiletramentos e letramento acad\u00eamico de licenciandos em espanhol. In: 22\u00ba Semin\u00e1rio de Educa\u00e7\u00e3o, Tecnologia e Sociedade, 2017, Ambiente Virtual de Aprendizag. <strong>Revista Educacional Interdisciplinar<\/strong>. Taquara, RS: N\u00facleo de Educa\u00e7\u00e3o On-line\/ NEO; FACCAT, RS, 2017. v. 6. p. 1-7. Dispon\u00edvel em: &lt;<a href=\"https:\/\/seer.faccat.br\/index.php\/redin\/article\/view\/653\" target=\"_blank\" rel=\"noopener noreferrer\">https:\/\/seer.faccat.br\/index.php\/redin\/article\/view\/653<\/a>&gt;.<\/p>\n<p>PEREIRA, Daniervelin Renata Marques; CESAR, D. R. ; FETTERMANN, J. V. ; TEIXEIRA, E. . Recursos educacionais abertos para licenciaturas: ambiente REALPTL. In: III Congresso de Inova\u00e7\u00e3o e Metodologias no Ensino Superior, 2017, Belo Horizonte. <strong>Anais do III Congresso de Inova\u00e7\u00e3o e Metodologias no Ensino Superior<\/strong>. Belo Horizonte: GIZ\/UFMG, 2017. v. 3. p. 1-7. Dispon\u00edvel em: <a href=\"https:\/\/congressos.ufmg.br\/index.php\/congressogiz\/CIM\/paper\/download\/651\/299\" target=\"_blank\" rel=\"noopener noreferrer\">https:\/\/congressos.ufmg.br\/index.php\/congressogiz\/CIM\/paper\/download\/651\/299<\/a>.<\/p>\n<p><b><\/b>PEREIRA, Daniervelin Renata Marques; TEIXEIRA, E. ; FETTERMANN, J. V. ; CESAR, D. R. . Recursos Educacionais Abertos para aprendizagem de l\u00ednguas no ensino superior. In: Encuentro en L\u00ednea de Educaci\u00f3n, Cultura y Software Libres, 2017, Ciudad de Mexico (online). <strong>Actas del Octavo Encuentro EDUSOL: Ciencia, Datos y Pr\u00e1cticas Abiertas<\/strong>. Ciudad de Mexico: FES Iztacala &#8211; Universidad Nacional Aut\u00f3noma de M\u00e9xico, 2017. v. 1. p. 28-30.\u00a0<a href=\"https:\/\/www.edusol.info\/system\/files\/Actas_edusol_2017_gratis.pdf\" target=\"_blank\" rel=\"noopener noreferrer\">https:\/\/www.edusol.info\/system\/files\/Actas_edusol_2017_gratis.pdf<\/a><\/p>\n<p>PEREIRA, Daniervelin Renata Marques; CESAR, D. R. ;\u00a0MATTE, A. C. F.\u00a0. Uma an\u00e1lise de recursos educacionais para ensino de l\u00edngua portuguesa: ELO e Redigir. <strong>Signo<\/strong> (UNISC. Online), v. 41, p. 13, 2016.\u00a0<a href=\"https:\/\/online.unisc.br\/seer\/index.php\/signo\/article\/view\/7357\" target=\"_blank\" rel=\"noopener noreferrer\">https:\/\/online.unisc.br\/seer\/index.php\/signo\/article\/view\/7357<\/a><\/p>\n<p>PEREIRA, Daniervelin Renata Marques; FETTERMANN, J. V. . RECURSOS EDUCACIONAIS ABERTOS PARA LEITURA E PRODU\u00c7\u00c3O DE TEXTOS NAS LICENCIATURAS. <strong>Revista Philologus<\/strong>, v. 21, p. 1853-1867, 2015. Dispon\u00edvel em: <a href=\"http:\/\/www.filologia.org.br\/rph\/ANO21\/63supl\/0135.pdf\" target=\"_blank\" rel=\"noopener noreferrer\">http:\/\/www.filologia.org.br\/rph\/ANO21\/63supl\/0135.pdf<\/a>. Acesso em: 28 mai. 2017.<\/p>\n<p>PEREIRA, Daniervelin Renata Marques. Recursos educacionais online e multiletramentos: uma an\u00e1lise cr\u00edtica. In:<strong> V Simp\u00f3sio Internacional de Estudos Lingu\u00edsticos e Liter\u00e1rios da UFTM<\/strong>, 2015, Uberaba. Programa\u00e7\u00e3o e resumos. Uberaba: UFTM, 2015. v. 1. p. 351-352. Dispon\u00edvel em: <a href=\"http:\/\/www.letrasuftm.com.br\/sell\/2015\/wp-content\/uploads\/2016\/02\/PROGRAMACAO_E_RESUMOS_V_SELL_12-DE-MAIO.pdf\" target=\"_blank\" rel=\"noopener noreferrer\">http:\/\/www.letrasuftm.com.br\/sell\/2015\/wp-content\/uploads\/2016\/02\/PROGRAMACAO_E_RESUMOS_V_SELL_12-DE-MAIO.pdf<\/a>. Acesso em: 28 mai. 2017.<\/p>\n<p>PEREIRA, Daniervelin Renata Marques; FETTERMANN, J. V. ; CESAR, D. R. . PESQUISA E DESENVOLVIMENTO DE RECURSOS EDUCACIONAIS ABERTOS: PROJETO REALPTL. In: Neuza Pedro; Ana Pedro; Jo\u00e3o Filipe Matos; Jo\u00e3o Piedade; Magda Fonte. (Org.). Digital Technologies &amp; Future School. <strong>Atas do IV Congresso Internacional TIC e Educa\u00e7\u00e3o 2016<\/strong> (artigos selecionados). 1ed. Lisboa: Instituto de Educa\u00e7\u00e3o da Universidade de Lisboa, 2016, v. 1, p. 425-435. Dispon\u00edvel em: <a href=\"https:\/\/cld.pt\/dl\/download\/876b2f28-c5ea-42b8-ace5-5c94719d9127\/Livro_Atas.pdf\" target=\"_blank\" rel=\"noopener noreferrer\">https:\/\/cld.pt\/dl\/download\/876b2f28-c5ea-42b8-ace5-5c94719d9127\/Livro_Atas.pdf<\/a>. Acesso em: 28 mai. 2017.<\/p>\n<p>PEREIRA, Daniervelin Renata Marques; FETTERMANN, J. V. . Recursos educacionais abertos para o ensino superior: um panorama a partir da an\u00e1lise semi\u00f3tica do discurso. In: IV Simp\u00f3sio Internacional sobre An\u00e1lise do Discurso: Discursos e Desigualdades Sociais, 2016, Belo Horizonte. <strong>Anais do IV Simp\u00f3sio Internacional sobre An\u00e1lise do Discurso: Discursos e Desigualdades Sociais.<\/strong> Belo Horizonte: N\u00facleo de An\u00e1lise do Discurso, Programa de P\u00f3s-Gradua\u00e7\u00e3o em Estudos Lingu\u00edsticos, Faculdade de Letra, 2016. v. 2016. p. 1-9. Dispon\u00edvel em: <a href=\"http:\/\/docs.wixstatic.com\/ugd\/0bea23_7a0d0c685062470b92c3e92b2b0edcf4.pdf\" target=\"_blank\" rel=\"noopener noreferrer\">http:\/\/docs.wixstatic.com\/ugd\/0bea23_7a0d0c685062470b92c3e92b2b0edcf4.pdf<\/a>. Acesso em: 28 mai. 2017.<\/p>\n<p>PEREIRA, D. R. M.; FETTERMANN, J.; CESAR, D. R. O que s\u00e3o recursos educacionais abertos? Limites e possibilidades em discursos, <strong>Calidosc\u00f3pio<\/strong>, S\u00e3o Leopoldo, RS, v. 14, n. 3, p. 458-465, set\/dez 2016a. Dispon\u00edvel em: <a href=\"http:\/\/revistas.unisinos.br\/index.php\/calidoscopio\/article\/viewFile\/cld.2016.143.09\/5811\" target=\"_blank\" rel=\"noopener noreferrer\">http:\/\/revistas.unisinos.br\/index.php\/calidoscopio\/article\/viewFile\/cld.2016.143.09\/5811<\/a>. Acesso em: 28 mai. 2017.<\/p>\n<p>PEREIRA, Daniervelin Renata Marques; C\u00c9SAR, Danilo Rodrigues. RECURSOS EDUCACIONAIS ABERTOS PARA MULTILETRAMENTOS.\u00a0<strong>Anais do Encontro Virtual de Documenta\u00e7\u00e3o em Software Livre e Congresso Internacional de Linguagem e Tecnologia Online<\/strong>, [S.l.], v. 6, n. 1, jun. 2017. ISSN 2317-0239. Dispon\u00edvel em: &lt;<a href=\"http:\/\/www.periodicos.letras.ufmg.br\/index.php\/anais_linguagem_tecnologia\/article\/view\/12089\" target=\"_new\" rel=\"noopener noreferrer\">http:\/\/www.periodicos.letras.ufmg.br\/index.php\/anais_linguagem_tecnologia\/article\/view\/12089<\/a>&gt;. Acesso em: 22 jul. 2017.<\/p>\n","protected":false},"excerpt":{"rendered":"<p>Apresentamos aqui um hist\u00f3rico de eventos e publica\u00e7\u00f5es relativos ao projeto REALPTL, cuja proposta pode ser conferida aqui. Oficinas: Curso de extens\u00e3o a professores da rede p\u00fablica de Uberaba, de 20\/09\/2016 a 25\/10\/2016. Not\u00edcia. Oficina &#8220;Constru\u00e7\u00e3o de recursos educacionais abertos para multiletramentos&#8221;, ofertada no \u00e2mbito do Congresso Inova\u00e7\u00e3o e Metodologias no Ensino Superior, organizado pelo [&hellip;]<\/p>\n","protected":false},"author":1,"featured_media":0,"parent":0,"menu_order":2,"comment_status":"closed","ping_status":"closed","template":"","meta":[],"_links":{"self":[{"href":"http:\/\/realptl.letras.ufmg.br\/realptl\/wp-json\/wp\/v2\/pages\/1073"}],"collection":[{"href":"http:\/\/realptl.letras.ufmg.br\/realptl\/wp-json\/wp\/v2\/pages"}],"about":[{"href":"http:\/\/realptl.letras.ufmg.br\/realptl\/wp-json\/wp\/v2\/types\/page"}],"author":[{"embeddable":true,"href":"http:\/\/realptl.letras.ufmg.br\/realptl\/wp-json\/wp\/v2\/users\/1"}],"replies":[{"embeddable":true,"href":"http:\/\/realptl.letras.ufmg.br\/realptl\/wp-json\/wp\/v2\/comments?post=1073"}],"version-history":[{"count":47,"href":"http:\/\/realptl.letras.ufmg.br\/realptl\/wp-json\/wp\/v2\/pages\/1073\/revisions"}],"predecessor-version":[{"id":3415,"href":"http:\/\/realptl.letras.ufmg.br\/realptl\/wp-json\/wp\/v2\/pages\/1073\/revisions\/3415"}],"wp:attachment":[{"href":"http:\/\/realptl.letras.ufmg.br\/realptl\/wp-json\/wp\/v2\/media?parent=1073"}],"curies":[{"name":"wp","href":"https:\/\/api.w.org\/{rel}","templated":true}]}}